{"id":702,"date":"2020-12-09T10:39:57","date_gmt":"2020-12-09T09:39:57","guid":{"rendered":"http:\/\/www.lass-uns-reden.jetzt\/?page_id=702"},"modified":"2020-12-09T12:47:35","modified_gmt":"2020-12-09T11:47:35","slug":"uber-regeln-2","status":"publish","type":"page","link":"https:\/\/www.lass-uns-reden.jetzt\/?page_id=702","title":{"rendered":"\u00fcber Regeln"},"content":{"rendered":"\n<div class=\"wp-block-group has-background\" style=\"background-color:#ffbb22\"><div class=\"wp-block-group__inner-container is-layout-flow wp-block-group-is-layout-flow\">\n<p><br><br><span style=\"color:#000066;\" class=\"has-inline-color\">Wir m\u00f6chten \u00fcber mit Dir \u00fcber Themen reden, \u00fcber die \u201cman\u201d heute nicht leicht spricht. Vielleicht sind uns dazu die passenden Worte verloren gegangen, vielleicht ist das Thema zu \u201cheiss\u201d und die Ansichten zu unterschiedlich geworden, vielleicht wurden die Ausdr\u00fccke zu wild und die Kr\u00e4nkungen zu tief, vielleicht hat jemand behauptet es ist \u201cpfui\u201d, wenn man dar\u00fcber redet &#8230;<\/span><\/p>\n\n\n\n<p><span style=\"color:#000066;\" class=\"has-inline-color\">Genau \u00fcber solche Themen wollen wir sprechen, weil ein Sprechverbot macht das Weiterdenken, das im Gespr\u00e4ch bleiben, das Weiterentwickeln auch nicht leichter.<\/span><\/p>\n\n\n\n<p class=\"has-text-color has-huge-font-size\" style=\"color:#ffbb22\">&#8230;<\/p>\n\n\n\n<p>Dazu tun &#8211; <em>wie so oft im Leben<\/em> &#8211; ein paar kleine Regeln gut:<\/p>\n\n\n\n<ol class=\"wp-block-list\" id=\"block-a1ca85a3-0d18-4367-bcaa-9f10f3e3b69b\"><li>Sch\u00f6n, dass du mitredest &#8211; dar\u00fcber freuen wir uns<\/li><li>Deine Meinung ist wichtig &#8211; die Meinung der Anderen ist auch wichtig<\/li><li>Deine Meinung ist unantastbar &#8211; die W\u00fcrde der Anderen ebenso<\/li><li>Red\u2019 wie dir der Schnabel g&#8217;wachsen ist &#8211; die Anderen schnabeln dann vermutlich auch so (zur\u00fcck)<\/li><li>Besch\u00e4men, beleidigen, herabw\u00fcrdigen, &#8230; &#8211; probier\u2019s bitte besser nicht<\/li><li>Lass reden &#8211; und noch viel besser: Lass ausreden<\/li><li>Wer austeilt, muss auch einstecken k\u00f6nnen<\/li><li>Denke jeden Gedanken &#8211; sprich nicht jeden Satz aus<\/li><li>Stelle jede Frage &#8211; erwarte eine Antwort<\/li><li>Die Moderation verwendet gelbe und rote Karten<\/li><\/ol>\n\n\n\n<div class=\"wp-block-group\"><div class=\"wp-block-group__inner-container is-layout-flow wp-block-group-is-layout-flow\">\n<p class=\"has-text-color has-huge-font-size\" style=\"color:#ffbb22\">&#8230;<br><\/p>\n<\/div><\/div>\n\n\n\n<p><span style=\"color:#000066;\" class=\"has-inline-color\">In einer Gesellschaft, die meint gut entwickelt zu sein, aber im Moment gerade erlebt, dass gutgewohnte Gewissheiten wie Respekt, Gemeinschaft, Solidarit\u00e4t, Sicherheit, Zukunft, R\u00fccksichtnahme, &#8230; nicht mehr stabil und teils schwer umk\u00e4mpft sind, wollen wir mit einfachen, verst\u00e4ndlichen Regeln Klarheit schaffen, um das Unsichere erforschen zu k\u00f6nnen und m\u00f6gliche Zweifel zu verringern.<\/span><br><br><\/p>\n\n\n\n<p><\/p>\n<\/div><\/div>\n","protected":false},"excerpt":{"rendered":"<p>Wir m\u00f6chten \u00fcber mit Dir \u00fcber Themen reden, \u00fcber die \u201cman\u201d heute nicht leicht spricht. Vielleicht sind uns dazu die passenden Worte verloren gegangen, vielleicht ist das Thema zu \u201cheiss\u201d und die Ansichten zu unterschiedlich geworden, vielleicht wurden die Ausdr\u00fccke zu wild und die Kr\u00e4nkungen zu tief, vielleicht hat jemand behauptet es ist \u201cpfui\u201d, wenn [&hellip;]<\/p>\n","protected":false},"author":1,"featured_media":0,"parent":0,"menu_order":0,"comment_status":"closed","ping_status":"closed","template":"","meta":{"footnotes":""},"class_list":["post-702","page","type-page","status-publish","hentry"],"_links":{"self":[{"href":"https:\/\/www.lass-uns-reden.jetzt\/index.php?rest_route=\/wp\/v2\/pages\/702","targetHints":{"allow":["GET"]}}],"collection":[{"href":"https:\/\/www.lass-uns-reden.jetzt\/index.php?rest_route=\/wp\/v2\/pages"}],"about":[{"href":"https:\/\/www.lass-uns-reden.jetzt\/index.php?rest_route=\/wp\/v2\/types\/page"}],"author":[{"embeddable":true,"href":"https:\/\/www.lass-uns-reden.jetzt\/index.php?rest_route=\/wp\/v2\/users\/1"}],"replies":[{"embeddable":true,"href":"https:\/\/www.lass-uns-reden.jetzt\/index.php?rest_route=%2Fwp%2Fv2%2Fcomments&post=702"}],"version-history":[{"count":9,"href":"https:\/\/www.lass-uns-reden.jetzt\/index.php?rest_route=\/wp\/v2\/pages\/702\/revisions"}],"predecessor-version":[{"id":759,"href":"https:\/\/www.lass-uns-reden.jetzt\/index.php?rest_route=\/wp\/v2\/pages\/702\/revisions\/759"}],"wp:attachment":[{"href":"https:\/\/www.lass-uns-reden.jetzt\/index.php?rest_route=%2Fwp%2Fv2%2Fmedia&parent=702"}],"curies":[{"name":"wp","href":"https:\/\/api.w.org\/{rel}","templated":true}]}}